{"id":10187,"date":"2025-05-02T07:51:11","date_gmt":"2025-05-02T07:51:11","guid":{"rendered":"https:\/\/traktforesthotel.com\/?page_id=10187"},"modified":"2026-01-16T12:02:50","modified_gmt":"2026-01-16T12:02:50","slug":"hotelhuetten","status":"publish","type":"page","link":"https:\/\/traktforesthotel.com\/de\/uber-das-forest-hotel\/hotelhuetten\/","title":{"rendered":"Landh\u00e4user"},"content":{"rendered":"","protected":false},"excerpt":{"rendered":"Unsere traditionellen sm\u00e5l\u00e4ndischen Landh\u00e4user\u2013 Tyras und Stinas Stuga \u2013 sind jetzt fertiggestellt. Die H\u00e4user tragen ihre eigene Geschichte in sich und wurden nach fr\u00fcheren Bewohnerinnen&hellip;","protected":false},"author":6,"featured_media":9733,"parent":10192,"menu_order":0,"comment_status":"closed","ping_status":"closed","template":"","meta":{"_acf_changed":false,"footnotes":""},"class_list":["post-10187","page","type-page","status-publish","has-post-thumbnail","hentry"],"acf":[],"yoast_head":"<!-- This site is optimized with the Yoast SEO plugin v27.3 - https:\/\/yoast.com\/product\/yoast-seo-wordpress\/ -->\n<title>Landh\u00e4user - Trakt Forest Hotel<\/title>\n<meta name=\"robots\" content=\"index, follow, max-snippet:-1, max-image-preview:large, max-video-preview:-1\" \/>\n<link rel=\"canonical\" href=\"https:\/\/traktforesthotel.com\/de\/uber-das-forest-hotel\/hotelhuetten\/\" \/>\n<meta property=\"og:locale\" content=\"de_DE\" \/>\n<meta property=\"og:type\" content=\"article\" \/>\n<meta property=\"og:title\" content=\"Landh\u00e4user - Trakt Forest Hotel\" \/>\n<meta property=\"og:url\" content=\"https:\/\/traktforesthotel.com\/de\/uber-das-forest-hotel\/hotelhuetten\/\" \/>\n<meta property=\"og:site_name\" content=\"Trakt Forest Hotel\" \/>\n<meta property=\"article:modified_time\" content=\"2026-01-16T12:02:50+00:00\" \/>\n<meta property=\"og:image\" content=\"https:\/\/traktforesthotel.com\/wp-content\/uploads\/2024\/12\/Trakt-Tyras-Hotel-Cottage-1-1-scaled.jpg\" \/>\n\t<meta property=\"og:image:width\" content=\"2000\" \/>\n\t<meta property=\"og:image:height\" content=\"1334\" \/>\n\t<meta property=\"og:image:type\" content=\"image\/jpeg\" \/>\n<meta name=\"twitter:card\" content=\"summary_large_image\" \/>\n<meta name=\"twitter:label1\" content=\"Gesch\u00e4tzte Lesezeit\" \/>\n\t<meta name=\"twitter:data1\" content=\"5\u00a0Minuten\" \/>\n<script type=\"application\/ld+json\" class=\"yoast-schema-graph\">{\"@context\":\"https:\\\/\\\/schema.org\",\"@graph\":[{\"@type\":\"WebPage\",\"@id\":\"https:\\\/\\\/traktforesthotel.com\\\/de\\\/uber-das-forest-hotel\\\/hotelhuetten\\\/\",\"url\":\"https:\\\/\\\/traktforesthotel.com\\\/de\\\/uber-das-forest-hotel\\\/hotelhuetten\\\/\",\"name\":\"Landh\u00e4user - Trakt Forest Hotel\",\"isPartOf\":{\"@id\":\"https:\\\/\\\/traktforesthotel.com\\\/de\\\/#website\"},\"primaryImageOfPage\":{\"@id\":\"https:\\\/\\\/traktforesthotel.com\\\/de\\\/uber-das-forest-hotel\\\/hotelhuetten\\\/#primaryimage\"},\"image\":{\"@id\":\"https:\\\/\\\/traktforesthotel.com\\\/de\\\/uber-das-forest-hotel\\\/hotelhuetten\\\/#primaryimage\"},\"thumbnailUrl\":\"https:\\\/\\\/traktforesthotel.com\\\/wp-content\\\/uploads\\\/2024\\\/12\\\/Trakt-Tyras-Hotel-Cottage-1-1-scaled.jpg\",\"datePublished\":\"2025-05-02T07:51:11+00:00\",\"dateModified\":\"2026-01-16T12:02:50+00:00\",\"breadcrumb\":{\"@id\":\"https:\\\/\\\/traktforesthotel.com\\\/de\\\/uber-das-forest-hotel\\\/hotelhuetten\\\/#breadcrumb\"},\"inLanguage\":\"de\",\"potentialAction\":[{\"@type\":\"ReadAction\",\"target\":[\"https:\\\/\\\/traktforesthotel.com\\\/de\\\/uber-das-forest-hotel\\\/hotelhuetten\\\/\"]}]},{\"@type\":\"ImageObject\",\"inLanguage\":\"de\",\"@id\":\"https:\\\/\\\/traktforesthotel.com\\\/de\\\/uber-das-forest-hotel\\\/hotelhuetten\\\/#primaryimage\",\"url\":\"https:\\\/\\\/traktforesthotel.com\\\/wp-content\\\/uploads\\\/2024\\\/12\\\/Trakt-Tyras-Hotel-Cottage-1-1-scaled.jpg\",\"contentUrl\":\"https:\\\/\\\/traktforesthotel.com\\\/wp-content\\\/uploads\\\/2024\\\/12\\\/Trakt-Tyras-Hotel-Cottage-1-1-scaled.jpg\",\"width\":2000,\"height\":1334},{\"@type\":\"BreadcrumbList\",\"@id\":\"https:\\\/\\\/traktforesthotel.com\\\/de\\\/uber-das-forest-hotel\\\/hotelhuetten\\\/#breadcrumb\",\"itemListElement\":[{\"@type\":\"ListItem\",\"position\":1,\"name\":\"Startseite\",\"item\":\"https:\\\/\\\/traktforesthotel.com\\\/de\\\/\"},{\"@type\":\"ListItem\",\"position\":2,\"name\":\"\u00dcber Waldhotel\",\"item\":\"https:\\\/\\\/traktforesthotel.com\\\/de\\\/uber-das-forest-hotel\\\/\"},{\"@type\":\"ListItem\",\"position\":3,\"name\":\"Landh\u00e4user\"}]},{\"@type\":\"WebSite\",\"@id\":\"https:\\\/\\\/traktforesthotel.com\\\/de\\\/#website\",\"url\":\"https:\\\/\\\/traktforesthotel.com\\\/de\\\/\",\"name\":\"Trakt Forest Hotel\",\"description\":\"\",\"publisher\":{\"@id\":\"https:\\\/\\\/traktforesthotel.com\\\/de\\\/#organization\"},\"potentialAction\":[{\"@type\":\"SearchAction\",\"target\":{\"@type\":\"EntryPoint\",\"urlTemplate\":\"https:\\\/\\\/traktforesthotel.com\\\/de\\\/?s={search_term_string}\"},\"query-input\":{\"@type\":\"PropertyValueSpecification\",\"valueRequired\":true,\"valueName\":\"search_term_string\"}}],\"inLanguage\":\"de\"},{\"@type\":\"Organization\",\"@id\":\"https:\\\/\\\/traktforesthotel.com\\\/de\\\/#organization\",\"name\":\"Trakt Forest Hotel\",\"url\":\"https:\\\/\\\/traktforesthotel.com\\\/de\\\/\",\"logo\":{\"@type\":\"ImageObject\",\"inLanguage\":\"de\",\"@id\":\"https:\\\/\\\/traktforesthotel.com\\\/de\\\/#\\\/schema\\\/logo\\\/image\\\/\",\"url\":\"https:\\\/\\\/traktforesthotel.com\\\/wp-content\\\/uploads\\\/2022\\\/10\\\/TRA-symbol.svg\",\"contentUrl\":\"https:\\\/\\\/traktforesthotel.com\\\/wp-content\\\/uploads\\\/2022\\\/10\\\/TRA-symbol.svg\",\"width\":1024,\"height\":1024,\"caption\":\"Trakt Forest Hotel\"},\"image\":{\"@id\":\"https:\\\/\\\/traktforesthotel.com\\\/de\\\/#\\\/schema\\\/logo\\\/image\\\/\"}}]}<\/script>\n<!-- \/ Yoast SEO plugin. -->","yoast_head_json":{"title":"Landh\u00e4user - Trakt Forest Hotel","robots":{"index":"index","follow":"follow","max-snippet":"max-snippet:-1","max-image-preview":"max-image-preview:large","max-video-preview":"max-video-preview:-1"},"canonical":"https:\/\/traktforesthotel.com\/de\/uber-das-forest-hotel\/hotelhuetten\/","og_locale":"de_DE","og_type":"article","og_title":"Landh\u00e4user - Trakt Forest Hotel","og_url":"https:\/\/traktforesthotel.com\/de\/uber-das-forest-hotel\/hotelhuetten\/","og_site_name":"Trakt Forest Hotel","article_modified_time":"2026-01-16T12:02:50+00:00","og_image":[{"width":2000,"height":1334,"url":"https:\/\/traktforesthotel.com\/wp-content\/uploads\/2024\/12\/Trakt-Tyras-Hotel-Cottage-1-1-scaled.jpg","type":"image\/jpeg"}],"twitter_card":"summary_large_image","twitter_misc":{"Gesch\u00e4tzte Lesezeit":"5\u00a0Minuten"},"schema":{"@context":"https:\/\/schema.org","@graph":[{"@type":"WebPage","@id":"https:\/\/traktforesthotel.com\/de\/uber-das-forest-hotel\/hotelhuetten\/","url":"https:\/\/traktforesthotel.com\/de\/uber-das-forest-hotel\/hotelhuetten\/","name":"Landh\u00e4user - Trakt Forest Hotel","isPartOf":{"@id":"https:\/\/traktforesthotel.com\/de\/#website"},"primaryImageOfPage":{"@id":"https:\/\/traktforesthotel.com\/de\/uber-das-forest-hotel\/hotelhuetten\/#primaryimage"},"image":{"@id":"https:\/\/traktforesthotel.com\/de\/uber-das-forest-hotel\/hotelhuetten\/#primaryimage"},"thumbnailUrl":"https:\/\/traktforesthotel.com\/wp-content\/uploads\/2024\/12\/Trakt-Tyras-Hotel-Cottage-1-1-scaled.jpg","datePublished":"2025-05-02T07:51:11+00:00","dateModified":"2026-01-16T12:02:50+00:00","breadcrumb":{"@id":"https:\/\/traktforesthotel.com\/de\/uber-das-forest-hotel\/hotelhuetten\/#breadcrumb"},"inLanguage":"de","potentialAction":[{"@type":"ReadAction","target":["https:\/\/traktforesthotel.com\/de\/uber-das-forest-hotel\/hotelhuetten\/"]}]},{"@type":"ImageObject","inLanguage":"de","@id":"https:\/\/traktforesthotel.com\/de\/uber-das-forest-hotel\/hotelhuetten\/#primaryimage","url":"https:\/\/traktforesthotel.com\/wp-content\/uploads\/2024\/12\/Trakt-Tyras-Hotel-Cottage-1-1-scaled.jpg","contentUrl":"https:\/\/traktforesthotel.com\/wp-content\/uploads\/2024\/12\/Trakt-Tyras-Hotel-Cottage-1-1-scaled.jpg","width":2000,"height":1334},{"@type":"BreadcrumbList","@id":"https:\/\/traktforesthotel.com\/de\/uber-das-forest-hotel\/hotelhuetten\/#breadcrumb","itemListElement":[{"@type":"ListItem","position":1,"name":"Startseite","item":"https:\/\/traktforesthotel.com\/de\/"},{"@type":"ListItem","position":2,"name":"\u00dcber Waldhotel","item":"https:\/\/traktforesthotel.com\/de\/uber-das-forest-hotel\/"},{"@type":"ListItem","position":3,"name":"Landh\u00e4user"}]},{"@type":"WebSite","@id":"https:\/\/traktforesthotel.com\/de\/#website","url":"https:\/\/traktforesthotel.com\/de\/","name":"Trakt Forest Hotel","description":"","publisher":{"@id":"https:\/\/traktforesthotel.com\/de\/#organization"},"potentialAction":[{"@type":"SearchAction","target":{"@type":"EntryPoint","urlTemplate":"https:\/\/traktforesthotel.com\/de\/?s={search_term_string}"},"query-input":{"@type":"PropertyValueSpecification","valueRequired":true,"valueName":"search_term_string"}}],"inLanguage":"de"},{"@type":"Organization","@id":"https:\/\/traktforesthotel.com\/de\/#organization","name":"Trakt Forest Hotel","url":"https:\/\/traktforesthotel.com\/de\/","logo":{"@type":"ImageObject","inLanguage":"de","@id":"https:\/\/traktforesthotel.com\/de\/#\/schema\/logo\/image\/","url":"https:\/\/traktforesthotel.com\/wp-content\/uploads\/2022\/10\/TRA-symbol.svg","contentUrl":"https:\/\/traktforesthotel.com\/wp-content\/uploads\/2022\/10\/TRA-symbol.svg","width":1024,"height":1024,"caption":"Trakt Forest Hotel"},"image":{"@id":"https:\/\/traktforesthotel.com\/de\/#\/schema\/logo\/image\/"}}]}},"_links":{"self":[{"href":"https:\/\/traktforesthotel.com\/de\/wp-json\/wp\/v2\/pages\/10187","targetHints":{"allow":["GET"]}}],"collection":[{"href":"https:\/\/traktforesthotel.com\/de\/wp-json\/wp\/v2\/pages"}],"about":[{"href":"https:\/\/traktforesthotel.com\/de\/wp-json\/wp\/v2\/types\/page"}],"author":[{"embeddable":true,"href":"https:\/\/traktforesthotel.com\/de\/wp-json\/wp\/v2\/users\/6"}],"replies":[{"embeddable":true,"href":"https:\/\/traktforesthotel.com\/de\/wp-json\/wp\/v2\/comments?post=10187"}],"version-history":[{"count":18,"href":"https:\/\/traktforesthotel.com\/de\/wp-json\/wp\/v2\/pages\/10187\/revisions"}],"predecessor-version":[{"id":11379,"href":"https:\/\/traktforesthotel.com\/de\/wp-json\/wp\/v2\/pages\/10187\/revisions\/11379"}],"up":[{"embeddable":true,"href":"https:\/\/traktforesthotel.com\/de\/wp-json\/wp\/v2\/pages\/10192"}],"wp:featuredmedia":[{"embeddable":true,"href":"https:\/\/traktforesthotel.com\/de\/wp-json\/wp\/v2\/media\/9733"}],"wp:attachment":[{"href":"https:\/\/traktforesthotel.com\/de\/wp-json\/wp\/v2\/media?parent=10187"}],"curies":[{"name":"wp","href":"https:\/\/api.w.org\/{rel}","templated":true}]}}

Landhäuser

Unsere traditionellen småländischen Landhäuser– Tyras und Stinas Stuga – sind jetzt fertiggestellt. Die Häuser tragen ihre eigene Geschichte in sich und wurden nach früheren Bewohnerinnen&hellip;

<!-- This site is optimized with the Yoast SEO plugin v27.3 - https://yoast.com/product/yoast-seo-wordpress/ -->
<title>Landhäuser - Trakt Forest Hotel</title>
<meta name="robots" content="index, follow, max-snippet:-1, max-image-preview:large, max-video-preview:-1" />
<link rel="canonical" href="https://traktforesthotel.com/de/uber-das-forest-hotel/hotelhuetten/" />
<meta property="og:locale" content="de_DE" />
<meta property="og:type" content="article" />
<meta property="og:title" content="Landhäuser - Trakt Forest Hotel" />
<meta property="og:url" content="https://traktforesthotel.com/de/uber-das-forest-hotel/hotelhuetten/" />
<meta property="og:site_name" content="Trakt Forest Hotel" />
<meta property="article:modified_time" content="2026-01-16T12:02:50+00:00" />
<meta property="og:image" content="https://traktforesthotel.com/wp-content/uploads/2024/12/Trakt-Tyras-Hotel-Cottage-1-1-scaled.jpg" />
	<meta property="og:image:width" content="2000" />
	<meta property="og:image:height" content="1334" />
	<meta property="og:image:type" content="image/jpeg" />
<meta name="twitter:card" content="summary_large_image" />
<meta name="twitter:label1" content="Geschätzte Lesezeit" />
	<meta name="twitter:data1" content="5 Minuten" />
<script type="application/ld+json" class="yoast-schema-graph">{"@context":"https:\/\/schema.org","@graph":[{"@type":"WebPage","@id":"https:\/\/traktforesthotel.com\/de\/uber-das-forest-hotel\/hotelhuetten\/","url":"https:\/\/traktforesthotel.com\/de\/uber-das-forest-hotel\/hotelhuetten\/","name":"Landhäuser - Trakt Forest Hotel","isPartOf":{"@id":"https:\/\/traktforesthotel.com\/de\/#website"},"primaryImageOfPage":{"@id":"https:\/\/traktforesthotel.com\/de\/uber-das-forest-hotel\/hotelhuetten\/#primaryimage"},"image":{"@id":"https:\/\/traktforesthotel.com\/de\/uber-das-forest-hotel\/hotelhuetten\/#primaryimage"},"thumbnailUrl":"https:\/\/traktforesthotel.com\/wp-content\/uploads\/2024\/12\/Trakt-Tyras-Hotel-Cottage-1-1-scaled.jpg","datePublished":"2025-05-02T07:51:11+00:00","dateModified":"2026-01-16T12:02:50+00:00","breadcrumb":{"@id":"https:\/\/traktforesthotel.com\/de\/uber-das-forest-hotel\/hotelhuetten\/#breadcrumb"},"inLanguage":"de","potentialAction":[{"@type":"ReadAction","target":["https:\/\/traktforesthotel.com\/de\/uber-das-forest-hotel\/hotelhuetten\/"]}]},{"@type":"ImageObject","inLanguage":"de","@id":"https:\/\/traktforesthotel.com\/de\/uber-das-forest-hotel\/hotelhuetten\/#primaryimage","url":"https:\/\/traktforesthotel.com\/wp-content\/uploads\/2024\/12\/Trakt-Tyras-Hotel-Cottage-1-1-scaled.jpg","contentUrl":"https:\/\/traktforesthotel.com\/wp-content\/uploads\/2024\/12\/Trakt-Tyras-Hotel-Cottage-1-1-scaled.jpg","width":2000,"height":1334},{"@type":"BreadcrumbList","@id":"https:\/\/traktforesthotel.com\/de\/uber-das-forest-hotel\/hotelhuetten\/#breadcrumb","itemListElement":[{"@type":"ListItem","position":1,"name":"Startseite","item":"https:\/\/traktforesthotel.com\/de\/"},{"@type":"ListItem","position":2,"name":"Über Waldhotel","item":"https:\/\/traktforesthotel.com\/de\/uber-das-forest-hotel\/"},{"@type":"ListItem","position":3,"name":"Landhäuser"}]},{"@type":"WebSite","@id":"https:\/\/traktforesthotel.com\/de\/#website","url":"https:\/\/traktforesthotel.com\/de\/","name":"Trakt Forest Hotel","description":"","publisher":{"@id":"https:\/\/traktforesthotel.com\/de\/#organization"},"potentialAction":[{"@type":"SearchAction","target":{"@type":"EntryPoint","urlTemplate":"https:\/\/traktforesthotel.com\/de\/?s={search_term_string}"},"query-input":{"@type":"PropertyValueSpecification","valueRequired":true,"valueName":"search_term_string"}}],"inLanguage":"de"},{"@type":"Organization","@id":"https:\/\/traktforesthotel.com\/de\/#organization","name":"Trakt Forest Hotel","url":"https:\/\/traktforesthotel.com\/de\/","logo":{"@type":"ImageObject","inLanguage":"de","@id":"https:\/\/traktforesthotel.com\/de\/#\/schema\/logo\/image\/","url":"https:\/\/traktforesthotel.com\/wp-content\/uploads\/2022\/10\/TRA-symbol.svg","contentUrl":"https:\/\/traktforesthotel.com\/wp-content\/uploads\/2022\/10\/TRA-symbol.svg","width":1024,"height":1024,"caption":"Trakt Forest Hotel"},"image":{"@id":"https:\/\/traktforesthotel.com\/de\/#\/schema\/logo\/image\/"}}]}</script>
<!-- / Yoast SEO plugin. -->

Landhäuser - Trakt Forest Hotel

Über Waldhotel
